at is the units digit of 689963?
3
What is the units digit of 76050?
0
What is the hundred thousands digit of 278015?
2
What is the tens digit of 79759?
5
What is the tens digit of 326436?
3
What is the units digit of 377366?
6
What is the hundred thousands digit of 1243403?
2
What is the hundreds digit of 493903?
9
What is the hundreds digit of 213320?
3
What is the tens digit of 8907230?
3
What is the units digit of 604750?
0
What is the millions digit of 11396384?
1
What is the hundreds digit of 62146?
1
What is the hundred thousands digit of 554264?
5
What is the hundred thousands digit of 1502672?
5
What is the thousands digit of 269803?
9
What is the units digit of 449817?
7
What is the hundreds digit of 372910?
9
What is the hundred thousands digit of 848854?
8
What is the hundreds digit of 200189?
1
What is the thousands digit of 168030?
8
What is the thousands digit of 4807590?
7
What is the units digit of 77063?
3
What is the thousands digit of 314928?
4
What is the tens digit of 1398102?
0
What is the ten thousands digit of 18694?
1
What is the millions digit of 2392095?
2
What is the hundred thousands digit of 1372536?
3
What is the tens digit of 14390752?
5
What is the hundreds digit of 27968502?
5
What is the thousands digit of 839085?
9
What is the tens digit of 2855381?
8
What is the units digit of 1334595?
5
What is the tens digit of 155865?
6
What is the tens digit of 44324?
2
What is the hundreds digit of 165610?
6
What is the ten thousands digit of 5552686?
5
What is the thousands digit of 737740?
7
What is the tens digit of 109777?
7
What is the ten thousands digit of 1923979?
2
What is the ten thousands digit of 961692?
6
What is the hundred thousands digit of 360255?
3
What is the ten thousands digit of 360758?
6
What is the ten thousands digit of 64166?
6
What is the hundred thousands digit of 1557676?
5
What is the hundreds digit of 4123859?
8
What is the units digit of 242851?
1
What is the hundred thousands digit of 3589343?
5
What is the hundred thousands digit of 378938?
3
What is the hundred thousands digit of 38423935?
4
What is the units digit of 419326?
6
What is the thousands digit of 250797?
0
What is the ten thousands digit of 39740?
3
What is the ten thousands digit of 10986151?
8
What is the hundreds digit of 201166?
1
What is the tens digit of 86334?
3
What is the thousands digit of 3529?
3
What is the units digit of 752371?
1
What is the units digit of 4272618?
8
What is the units digit of 32776815?
5
What is the hundreds digit of 611613?
6
What is the tens digit of 1861569?
6
What is the units digit of 7439882?
2
What is the hundreds digit of 218429?
4
What is the thousands digit of 107431?
7
What is the hundreds digit of 5736173?
1
What is the millions digit of 1946089?
1
What is the ten millions digit of 23068332?
2
What is the thousands digit of 2926289?
6
What is the tens digit of 2334451?
5
What is the hundred thousands digit of 359939?
3
What is the ten thousands digit of 1873040?
7
What is the ten thousands digit of 1341739?
4
What is the units digit of 22232?
2
What is the thousands digit of 854746?
4
What is the ten thousands digit of 14516349?
1
What is the thousands digit of 7105182?
5
What is the thousands digit of 4899659?
9
What is the millions digit of 16282113?
6
What is the hundreds digit of 218383?
3
What is the tens digit of 32503926?
2
What is the ten thousands digit of 351520?
5
What is the millions digit of 6061426?
6
What is the millions digit of 3686878?
3
What is the ten thousands digit of 304466?
0
What is the tens digit of 751813?
1
What is the ten thousands digit of 391047?
9
What is the tens digit of 534913?
1
What is the hundreds digit of 1739995?
9
What is the tens digit of 139673?
7
What is the hundreds digit of 517721?
7
What is the ten millions digit of 16749431?
1
What is the hundreds digit of 4702868?
8
What is the hundred thousands digit of 938401?
9
What is the ten thousands digit of 2240549?
4
What is the hundred thousands digit of 198810?
1
What is the tens digit of 507834?
3
What is the hundreds digit of 8492?
4
What is the ten thousands digit of 6720696?
2
What is the hundreds digit of 4314611?
6
What is the units digit of 24271?
1
What is the ten thousands digit of 576402?
7
What is the hundred thousands digit of 447964?
4
What is the ten millions digit of 31324369?
3
What is the ten thousands digit of 67808?
6
What is the hundreds digit of 18668081?
0
What is the hundreds digit of 531559?
5
What is the units digit of 12211999?
9
What is the millions digit of 1287480?
1
What is the tens digit of 64377?
7
What is the ten millions digit of 17327106?
1
What is the ten thousands digit of 9767330?
6
What is the thousands digit of 996901?
6
What is the units digit of 7545686?
6
What is the hundred thousands digit of 2335234?
3
What is the thousands digit of 21964256?
4
What is the hundred thousands digit of 310637?
3
What is the thousands digit of 286268?
6
What is the thousands digit of 98140?
8
What is the thousands digit of 2824663?
4
What is the hundreds digit of 63393?
3
What is the millions digit of 22540315?
2
What is the hundreds digit of 7749394?
3
What is the ten thousands digit of 511742?
1
What is the ten thousands digit of 1905782?
0
What is the ten thousands digit of 42119?
4
What is the thousands digit of 480776?
0
What is the thousands digit of 1175932?
5
What is the units digit of 7601417?
7
What is the tens digit of 190407?
0
What is the thousands digit of 140724?
0
What is the thousands digit of 3464749?
4
What is the hundreds digit of 373582?
5
What is the hundreds digit of 363674?
6
What is the ten thousands digit of 5845903?
4
What is the hundred thousands digit of 1249663?
2
What is the units digit of 623026?
6
What is the units digit of 3969432?
2
What is the units digit of 4861906?
6
What is the hundred thousands digit of 5395836?
3
What is the hundred thousands digit of 579636?
5
What is the hundreds digit of 1232931?
9
What is the units digit of 2023926?
6
What is the hundred thousands digit of 17519292?
5
What is the thousands digit of 132016?
2
What is the ten thousands digit of 102850?
0
What is the ten thousands digit of 144819?
4
What is the tens digit of 422776?
7
What is the units digit of 177741?
1
What is the tens digit of 8318480?
8
What is the hundreds digit of 34710?
7
What is the tens digit of 10404132?
3
What is the ten thousands digit of 4753938?
5
What is the tens digit of 5927077?
7
What is the hundred thousands digit of 29969158?
9
What is the units digit of 350519?
9
What is the thousands digit of 14086264?
6
What is the hundreds digit of 636332?
3
What is the units digit of 7285866?
6
What is the thousands digit of 508479?
8
What is the millions digit of 1545716?
1
What is the hundreds digit of 1209866?
8
What is the hundred thousands digit of 1768412?
7
What is the units digit of 182405?
5
What is the millions digit of 1272939?
1
What is the units digit of 7023?
3
What is the tens digit of 4581736?
3
What is the millions digit of 2902891?
2
What is the ten thousands digit of 354868?
5
What is the units digit of 23634083?
3
What is the ten thousands digit of 47172?
4
What is the thousands digit of 4731105?
1
What is the hundreds digit of 4264981?
9
What is the tens digit of 4696192?
9
What is the hundreds digit of 27782099?
0
What is the tens digit of 10958627?
2
What is the tens digit of 6354164?
6
What is the units digit of 6067824?
4
What is the tens digit of 4318713?
1
What is the hundred thousands digit of 2368884?
3
What is the millions digit of 8117028?
8
What is the tens digit of 541485?
8
What is the hundreds digit of 5232942?
9
What is the hundreds digit of 2279282?
2
What is the tens digit of 4927684?
8
What is the tens digit of 6426164?
6
What is the hundreds digit of 16425842?
8
What is the hundred thousands digit of 15689394?
6
What is the hundreds digit of 15577557?
5
What is the hundred thousands digit of 1611402?
6
What is the hundred thousands digit of 13079115?
0
What is the ten thousands digit of 11076364?
7
What is the thousands digit of 7496601?
6
What is the hundred thousands digit of 7687614?
6
What is the thousands digit of 9137069?
7
What is the thousands digit of 297073?
7
What is the tens